he remainder when 680 is divided by 46?
36
What is the remainder when 17 is divided by 1?
0
Calculate the remainder when 208 is divided by 15.
13
Calculate the remainder when 6531 is divided by 297.
294
What is the remainder when 980 is divided by 17?
11
What is the remainder when 811 is divided by 805?
6
Calculate the remainder when 8929 is divided by 22.
19
Calculate the remainder when 91 is divided by 15.
1
Calculate the remainder when 23630 is divided by 28.
26
What is the remainder when 6100 is divided by 113?
111
Calculate the remainder when 282 is divided by 13.
9
Calculate the remainder when 178 is divided by 48.
34
Calculate the remainder when 7003 is divided by 206.
205
Calculate the remainder when 218 is divided by 37.
33
What is the remainder when 110 is divided by 48?
14
What is the remainder when 313 is divided by 81?
70
Calculate the remainder when 860 is divided by 72.
68
Calculate the remainder when 6616 is divided by 13.
12
What is the remainder when 103 is divided by 23?
11
What is the remainder when 2318 is divided by 16?
14
Calculate the remainder when 254 is divided by 66.
56
Calculate the remainder when 234 is divided by 11.
3
Calculate the remainder when 237 is divided by 50.
37
What is the remainder when 103 is divided by 3?
1
What is the remainder when 168 is divided by 43?
39
Calculate the remainder when 120 is divided by 62.
58
Calculate the remainder when 71 is divided by 38.
33
Calculate the remainder when 1664 is divided by 25.
14
What is the remainder when 391 is divided by 133?
125
Calculate the remainder when 66526 is divided by 88.
86
What is the remainder when 1571 is divided by 12?
11
What is the remainder when 1338 is divided by 134?
132
What is the remainder when 669 is divided by 260?
149
What is the remainder when 383 is divided by 41?
14
Calculate the remainder when 320 is divided by 36.
32
Calculate the remainder when 221 is divided by 6.
5
What is the remainder when 52 is divided by 7?
3
What is the remainder when 166 is divided by 13?
10
Calculate the remainder when 259 is divided by 65.
64
Calculate the remainder when 180 is divided by 93.
87
Calculate the remainder when 9147 is divided by 104.
99
Calculate the remainder when 320 is divided by 312.
8
What is the remainder when 648 is divided by 93?
90
Calculate the remainder when 5472 is divided by 238.
236
Calculate the remainder when 126 is divided by 7.
0
What is the remainder when 100 is divided by 53?
47
Calculate the remainder when 1348 is divided by 3.
1
What is the remainder when 7407 is divided by 95?
92
What is the remainder when 188 is divided by 13?
6
Calculate the remainder when 268 is divided by 68.
64
What is the remainder when 8879 is divided by 2958?
5
What is the remainder when 2865 is divided by 137?
125
What is the remainder when 428 is divided by 411?
17
Calculate the remainder when 1383 is divided by 63.
60
What is the remainder when 128 is divided by 22?
18
Calculate the remainder when 89 is divided by 7.
5
What is the remainder when 493 is divided by 55?
53
Calculate the remainder when 221 is divided by 141.
80
Calculate the remainder when 56 is divided by 19.
18
Calculate the remainder when 78 is divided by 21.
15
Calculate the remainder when 957 is divided by 48.
45
What is the remainder when 3798 is divided by 1258?
24
What is the remainder when 60 is divided by 4?
0
What is the remainder when 5738 is divided by 18?
14
What is the remainder when 1406 is divided by 11?
9
Calculate the remainder when 23 is divided by 6.
5
Calculate the remainder when 149 is divided by 86.
63
What is the remainder when 4993 is divided by 49?
44
What is the remainder when 8049 is divided by 12?
9
Calculate the remainder when 61 is divided by 12.
1
What is the remainder when 1256 is divided by 51?
32
Calculate the remainder when 56 is divided by 13.
4
What is the remainder when 244 is divided by 62?
58
What is the remainder when 289 is divided by 29?
28
Calculate the remainder when 245 is divided by 103.
39
Calculate the remainder when 115 is divided by 31.
22
Calculate the remainder when 2495 is divided by 51.
47
What is the remainder when 214 is divided by 59?
37
Calculate the remainder when 3046 is divided by 127.
125
What is the remainder when 1122 is divided by 51?
0
Calculate the remainder when 80 is divided by 41.
39
Calculate the remainder when 869 is divided by 123.
8
Calculate the remainder when 1034 is divided by 178.
144
Calculate the remainder when 618 is divided by 23.
20
What is the remainder when 140 is divided by 20?
0
Calculate the remainder when 1037 is divided by 412.
213
Calculate the remainder when 2541 is divided by 134.
129
What is the remainder when 2949 is divided by 13?
11
What is the remainder when 2094 is divided by 9?
6
Calculate the remainder when 132 is divided by 102.
30
Calculate the remainder when 2496 is divided by 20.
16
Calculate the remainder when 48 is divided by 15.
3
Calculate the remainder when 13 is divided by 12.
1
What is the remainder when 72 is divided by 55?
17
Calculate the remainder when 472 is divided by 43.
42
Calculate the remainder when 50 is divided by 33.
17
What is the remainder when 91 is divided by 8?
3
Calculate the remainder when 2008 is divided by 109.
46
What is the remainder when 4062 is divided by 46?
14
Calculate the remainder when 41 is divided by 11.
8
What is the remainder when 2520 is divided by 87?
84
Calculate the remainder when 607 is divided by 199.
10
Calculate the remainder when 99 is divided by 38.
23
What is the remainder when 1812 is divided by 37?
36
Calculate the remainder when 5108 is divided by 36.
32
Calculate the remainder when 1321 is divided by 25.
21
Calculate the remainder when 991 is divided by 14.
11
What is the remainder when 503 is divided by 64?
55
What is the remainder when 238 is divided by 11?
7
What is the remainder when 322 is divided by 81?
79
Calculate the remainder when 18 is divided by 2.
0
What is the remainder when 257 is divided by 13?
10
Calculate the remainder when 142 is divided by 80.
62
What is the remainder when 67 is divided by 18?
13
What is the remainder when 85 is divided by 45?
40
Calculate the remainder when 124 is divided by 42.
40
What is the remainder when 89 is divided by 49?
40
Calculate the remainder when 59 is divided by 6.
5
Calculate the remainder when 3599 is divided by 10.
9
What is the remainder when 497 is divided by 165?
2
Calculate the remainder when 4171 is divided by 12.
7
Calculate the remainder when 318 is divided by 64.
62
Calculate the remainder when 118 is divided by 66.
52
What is the remainder when 303 is divided by 9?
6
What is the remainder when 109 is divided by 55?
54
What is the remainder when 459 is divided by 91?
4
Calculate the remainder when 419 is divided by 15.
14
Calculate the remainder when 5582 is divided by 127.
121
Calculate the remainder when 2165 is divided by 53.
45
What is the remainder when 909 is divided by 61?
55
What is the remainder when 228 is divided by 47?
40
What is the remainder when 505 is divided by 134?
103
Calculate the remainder when 125 is divided by 18.
17
What is the remainder when 22 is divided by 20?
2
Calculate the remainder when 1158 is divided by 7.
3
What is the remainder when 7511 is divided by 11?
9
Calculate the remainder when 2533 is divided by 39.
37
What is the remainder when 235 is divided by 66?
37
What is the remainder when 6282 is divided by 38?
12
What is the remainder when 189 is divided by 29?
15
What is the remainder when 11627 is divided by 14?
7
Calculate the remainder when 218 is divided by 5.
3
What is the remainder when 168 is divided by 46?
30
What is the remainder when 1151 is divided by 249?
155
Calculate the remainder when 85 is divided by 39.
7
Calculate the remainder when 2141 is divided by 21.
20
What is the remainder when 234 is divided by 80?
74
What is the remainder when 379 is divided by 141?
97
Calculate the remainder when 159 is divided by 45.
24
What is the remainder when 661 is divided by 95?
91
Calculate the remainder when 144 is divided by 54.
36
What is the remainder when 51 is divided by 13?
12
Calculate the remainder when 270 is divided by 106.
58
What is the remainder when 290 is divided by 21?
17
What is the remain